tor of 27 and 12.
3
Calculate the highest common divisor of 88 and 4444.
44
What is the highest common factor of 9 and 27?
9
Calculate the highest common divisor of 1405 and 5.
5
What is the greatest common divisor of 5 and 185?
5
What is the greatest common divisor of 264 and 84?
12
What is the highest common factor of 4 and 1052?
4
What is the greatest common factor of 169 and 65?
13
Calculate the highest common divisor of 196 and 4508.
196
What is the highest common divisor of 220 and 640?
20
Calculate the highest common factor of 304 and 48.
16
What is the highest common divisor of 297 and 2781?
27
What is the highest common factor of 442 and 3842?
34
What is the highest common divisor of 53 and 1?
1
What is the highest common factor of 2562 and 7?
7
Calculate the highest common divisor of 42 and 1110.
6
What is the greatest common factor of 304 and 76?
76
What is the greatest common factor of 4081 and 636?
53
What is the greatest common factor of 37943 and 19?
19
What is the highest common factor of 261 and 696?
87
What is the highest common factor of 15 and 795?
15
Calculate the highest common divisor of 32 and 3856.
16
Calculate the highest common factor of 497 and 1917.
71
What is the highest common factor of 219 and 146?
73
Calculate the greatest common divisor of 28 and 304.
4
What is the highest common divisor of 22903 and 74?
37
Calculate the highest common divisor of 13 and 5629.
13
Calculate the highest common divisor of 864 and 208.
16
What is the highest common divisor of 1323 and 27?
27
Calculate the highest common divisor of 51 and 136.
17
What is the greatest common factor of 27 and 747?
9
What is the greatest common divisor of 576 and 108?
36
What is the greatest common divisor of 510 and 102?
102
What is the greatest common factor of 488 and 1192?
8
What is the highest common factor of 51 and 119?
17
Calculate the greatest common factor of 1222 and 104.
26
Calculate the highest common factor of 684 and 513.
171
Calculate the greatest common factor of 319 and 33.
11
Calculate the highest common factor of 1176 and 14.
14
Calculate the highest common divisor of 28 and 217.
7
What is the greatest common divisor of 473 and 172?
43
What is the highest common divisor of 192 and 272?
16
What is the highest common divisor of 88 and 33?
11
What is the greatest common factor of 3381 and 552?
69
Calculate the greatest common factor of 87 and 6.
3
What is the highest common divisor of 98 and 3?
1
Calculate the greatest common divisor of 4698 and 162.
162
What is the greatest common factor of 224 and 192?
32
Calculate the highest common factor of 255 and 3765.
15
What is the greatest common divisor of 9 and 43?
1
Calculate the greatest common factor of 24 and 2.
2
What is the highest common divisor of 6678 and 159?
159
Calculate the greatest common divisor of 170 and 68.
34
What is the greatest common factor of 8 and 248?
8
Calculate the highest common divisor of 675 and 1050.
75
Calculate the highest common divisor of 6418 and 2.
2
What is the highest common factor of 760 and 16?
8
What is the highest common factor of 20 and 50?
10
Calculate the highest common factor of 159 and 96.
3
What is the highest common factor of 756 and 297?
27
What is the highest common divisor of 1740 and 1015?
145
Calculate the highest common divisor of 792 and 352.
88
What is the highest common divisor of 500 and 160?
20
What is the greatest common divisor of 138 and 6486?
138
What is the greatest common divisor of 24 and 204?
12
What is the greatest common divisor of 639 and 3266?
71
What is the highest common factor of 20 and 2396?
4
What is the greatest common factor of 720 and 90?
90
Calculate the greatest common factor of 26 and 208.
26
Calculate the highest common divisor of 105 and 65.
5
What is the greatest common divisor of 469 and 168?
7
Calculate the greatest common factor of 99 and 22.
11
Calculate the greatest common factor of 221 and 153.
17
What is the greatest common factor of 198 and 1368?
18
What is the highest common factor of 54 and 6?
6
What is the highest common factor of 1155 and 22?
11
Calculate the highest common factor of 697 and 369.
41
Calculate the greatest common divisor of 2184 and 52.
52
Calculate the greatest common factor of 1242 and 486.
54
Calculate the highest common divisor of 4 and 239.
1
Calculate the greatest common divisor of 680 and 85.
85
Calculate the highest common factor of 6148 and 464.
116
Calculate the highest common factor of 3408 and 71.
71
What is the greatest common factor of 6 and 654?
6
What is the highest common divisor of 507 and 26?
13
Calculate the greatest common divisor of 21 and 3423.
21
Calculate the greatest common divisor of 1984 and 208.
16
Calculate the greatest common divisor of 17 and 306.
17
What is the greatest common divisor of 440 and 264?
88
Calculate the greatest common factor of 11 and 19415.
11
Calculate the highest common factor of 54811 and 59.
59
What is the greatest common divisor of 576 and 1296?
144
Calculate the greatest common factor of 10 and 730.
10
Calculate the highest common divisor of 27 and 11043.
27
What is the highest common divisor of 215 and 3569?
43
Calculate the highest common divisor of 33 and 627.
33
Calculate the greatest common factor of 70 and 42.
14
What is the greatest common divisor of 700 and 475?
25
What is the greatest common divisor of 18 and 9?
9
What is the highest common divisor of 1199 and 11?
11
What is the highest common divisor of 2 and 2?
2
Calculate the highest common factor of 38 and 342.
38
What is the highest common divisor of 702 and 36?
18
What is the greatest common divisor of 45 and 9?
9
Calculate the highest common divisor of 24 and 152.
8
Calculate the greatest common divisor of 598 and 897.
299
Calculate the highest common divisor of 45 and 1674.
9
Calculate the greatest common factor of 64 and 288.
32
What is the greatest common factor of 638 and 88?
22
What is the greatest common factor of 284 and 142?
142
What is the highest common factor of 2385 and 18?
9
Calculate the greatest common divisor of 464 and 87.
29
Calculate the greatest common divisor of 70 and 154.
14
Calculate the greatest common divisor of 99 and 54.
9
What is the highest common divisor of 22 and 7271?
11
What is the highest common divisor of 4609 and 11?
11
What is the greatest common divisor of 86 and 8?
2
What is the highest common divisor of 341 and 279?
31
Calculate the greatest common factor of 68 and 54.
2
What is the greatest common factor of 2516 and 340?
68
Calculate the greatest common factor of 1691 and 89.
89
What is the highest common divisor of 13 and 819?
13
Calculate the highest common factor of 85 and 153.
17
What is the greatest common divisor of 174 and 16791?
87
Calculate the greatest common factor of 125 and 5.
5
Calculate the highest common divisor of 67 and 8777.
67
What is the greatest common factor of 22 and 1078?
22
What is the greatest common factor of 78 and 4719?
39
Calculate the highest common divisor of 272 and 17.
17
Calculate the greatest common factor of 76 and 3743.
19
What is the greatest common divisor of 350 and 560?
70
What is the highest common divisor of 4 and 1194?
2
Calculate the greatest common divisor of 1 and 353.
1
What is the highest common divisor of 4 and 200?
4
Calculate the highest common factor of 24 and 12.
12
What is the highest common divisor of 84 and 196?
28
Calculate the greatest common divisor of 240 and 1380.
60
Calculate the highest common factor of 53 and 7367.
53
What is the highest common factor of 5577 and 33?
33
What is the highest common factor of 513 and 54?
27
What is the greatest common divisor of 7317 and 108?
27
What is the highest common factor of 603 and 9?
9
What is the greatest common divisor of 12038 and 26?
26
What is the highest common factor of 24141 and 26?
13
Calculate the highest common divisor of 16 and 1864.
8
Calculate the greatest common divisor of 165 and 132.
33
What is the greatest common divisor of 22 and 6446?
22
What is the highest common factor of 52 and 3510?
26
What is the highest common divisor of 153 and 3587?
17
Calculate the greatest common factor of 200 and 24.
8
What is the highest common factor of 1240 and 217?
31
What is the greatest common divisor of